{"id":23,"date":"2022-11-24T15:49:55","date_gmt":"2022-11-24T14:49:55","guid":{"rendered":"https:\/\/moulindereflexion.com\/?page_id=23"},"modified":"2023-01-26T22:23:09","modified_gmt":"2023-01-26T21:23:09","slug":"aufenthalt","status":"publish","type":"page","link":"https:\/\/moulindereflexion.com\/fr\/aufenthalt\/","title":{"rendered":"Aufenthalt"},"content":{"rendered":"<p>Die Reflexionsm\u00fchle offeriert:<\/p>\n\n\n\n<ul class=\"wp-block-list\">\n<li>3 G\u00e4stezimmer mit total 7 Einzelbetten<\/li>\n\n\n\n<li>Seminarraum<\/li>\n\n\n\n<li>Ess-\/Aufenthaltsraum<\/li>\n\n\n\n<li>Ausgestattete K\u00fcche<\/li>\n<\/ul>\n\n\n\n<p>Die M\u00fchle  kann in folgenden Konstellationen gemietet werden:<\/p>\n\n\n\n<ul class=\"wp-block-list\">\n<li>Gesamtpaket: Benutzung s\u00e4mtlicher oben angegebener R\u00e4umlichkeiten.<\/li>\n\n\n\n<li>Einzelne G\u00e4stezimmer: Inklusive Nutzung des Ess- und Aufenthaltsraumes sowie der K\u00fcche (allenfalls gemeinsam mit anderen G\u00e4sten).<\/li>\n<\/ul>\n\n\n\n<p>Das Grundst\u00fcck und der Teich mit Ruderboot, sowie die gedeckte Terrasse mit Grill, stehen allen G\u00e4sten zurm Genuss und Verweilen zur Verf\u00fcgung.<\/p>\n\n\n\nngg_shortcode_0_placeholder","protected":false},"excerpt":{"rendered":"<p>Die Reflexionsm\u00fchle offeriert: Die M\u00fchle kann in folgenden Konstellationen gemietet werden: Das Grundst\u00fcck und der Teich mit Ruderboot, sowie die gedeckte Terrasse mit Grill, stehen allen G\u00e4sten zurm Genuss und Verweilen zur Verf\u00fcgung.<\/p>","protected":false},"author":1,"featured_media":0,"parent":0,"menu_order":0,"comment_status":"closed","ping_status":"closed","template":"","meta":{"ngg_post_thumbnail":0,"footnotes":""},"class_list":["post-23","page","type-page","status-publish","hentry"],"_links":{"self":[{"href":"https:\/\/moulindereflexion.com\/fr\/wp-json\/wp\/v2\/pages\/23","targetHints":{"allow":["GET"]}}],"collection":[{"href":"https:\/\/moulindereflexion.com\/fr\/wp-json\/wp\/v2\/pages"}],"about":[{"href":"https:\/\/moulindereflexion.com\/fr\/wp-json\/wp\/v2\/types\/page"}],"author":[{"embeddable":true,"href":"https:\/\/moulindereflexion.com\/fr\/wp-json\/wp\/v2\/users\/1"}],"replies":[{"embeddable":true,"href":"https:\/\/moulindereflexion.com\/fr\/wp-json\/wp\/v2\/comments?post=23"}],"version-history":[{"count":10,"href":"https:\/\/moulindereflexion.com\/fr\/wp-json\/wp\/v2\/pages\/23\/revisions"}],"predecessor-version":[{"id":452,"href":"https:\/\/moulindereflexion.com\/fr\/wp-json\/wp\/v2\/pages\/23\/revisions\/452"}],"wp:attachment":[{"href":"https:\/\/moulindereflexion.com\/fr\/wp-json\/wp\/v2\/media?parent=23"}],"curies":[{"name":"wp","href":"https:\/\/api.w.org\/{rel}","templated":true}]}}

<p>Die Reflexionsmühle offeriert:</p>



<ul class="wp-block-list">
<li>3 Gästezimmer mit total 7 Einzelbetten</li>



<li>Seminarraum</li>



<li>Ess-/Aufenthaltsraum</li>



<li>Ausgestattete Küche</li>
</ul>



<p>Die Mühle  kann in folgenden Konstellationen gemietet werden:</p>



<ul class="wp-block-list">
<li>Gesamtpaket: Benutzung sämtlicher oben angegebener Räumlichkeiten.</li>



<li>Einzelne Gästezimmer: Inklusive Nutzung des Ess- und Aufenthaltsraumes sowie der Küche (allenfalls gemeinsam mit anderen Gästen).</li>
</ul>



<p>Das Grundstück und der Teich mit Ruderboot, sowie die gedeckte Terrasse mit Grill, stehen allen Gästen zurm Genuss und Verweilen zur Verfügung.</p>



ngg_shortcode_0_placeholder

<p>Die Reflexionsmühle offeriert: Die Mühle kann in folgenden Konstellationen gemietet werden: Das Grundstück und der Teich mit Ruderboot, sowie die gedeckte Terrasse mit Grill, stehen allen Gästen zurm Genuss und Verweilen zur Verfügung.</p>
