{"id":367,"date":"2022-12-29T16:04:35","date_gmt":"2022-12-29T15:04:35","guid":{"rendered":"https:\/\/moulindereflexion.com\/?page_id=367"},"modified":"2023-01-15T16:33:47","modified_gmt":"2023-01-15T15:33:47","slug":"waldhorn-und-klavier","status":"publish","type":"page","link":"https:\/\/moulindereflexion.com\/fr\/waldhorn-und-klavier\/","title":{"rendered":"Waldhorn und Klavier"},"content":{"rendered":"<p>F\u00fcr die Kombination von Waldhorn und Klavier gibt es eigentlich ein grosses Repertoire an Musiknoten, welches auch verschiedene Stile abdeckt. Zu unterscheiden gilt es dabei Originalkompositionen f\u00fcr diese Instrumentalkombination und Bearbeitungen.<\/p>\n\n\n\n<p>Hier eine kleine Auswahl an Originalkompositionen:<\/p>\n\n\n\n<ul class=\"wp-block-list\">\n<li><a href=\"https:\/\/www.youtube.com\/watch?v=da9pMzVWxgA\">Sonate f\u00fcr Horn und Klavier<\/a> (op. 17) von Ludwig van Beethoven<\/li>\n\n\n\n<li><a href=\"https:\/\/www.youtube.com\/watch?v=V_OOwzoU3Jc\">Romanze f\u00fcr Horn und Klavier<\/a> (posthume) von Alexander Scriabin<\/li>\n\n\n\n<li><a href=\"https:\/\/www.youtube.com\/watch?v=KHSR4GWbWuQ\">Thema und Variationen \u00fcber ein Schweizer Volkslied<\/a> von Franz Lachner<\/li>\n\n\n\n<li><a href=\"https:\/\/www.youtube.com\/watch?v=4ta2r3722kg\">Romanze f\u00fcr Horn und Klavier<\/a> (op. 36) von Camille Saint-Sa\u00ebns<\/li>\n\n\n\n<li><a href=\"https:\/\/www.youtube.com\/watch?v=rgp23E7R4sY\">Nocturno<\/a> (op. 7) von Franz Strauss<\/li>\n<\/ul>\n\n\n\n<p>Daneben gibt es nat\u00fcrlich auch Konzerte f\u00fcr Waldhorn (als Soloinstrument) und Orchester (mit Klavierpart, anstelle des Orchesters).  Hier das <a href=\"https:\/\/www.youtube.com\/watch?v=SWu27MIGuMw\">Hornkonzert Nr. 1 von Richard Strauss<\/a> in einer Aufnahme mit Klavierbegleitung.<\/p>\n\n\n\n<p>Diese St\u00fccke sind f\u00fcr mittelm\u00e4ssige Amateur-Hornisten (wie ich einer bin) oft etwas schwierig zu spielen. Bei den im Handel erh\u00e4ltlichen Bearbeitungen von Musikst\u00fccken f\u00fcr Klavier und Horn gibt es andererseits St\u00fccke verschiedener Schwierigkeitsstufen und auch unterschiedlicher Stile; nebst Bearbeitungen aus der \u00abklassischen\u00bb Musik gibt es etwa auch Beates-Songs, Jazz-Standards oder Songs aus Musicals.&nbsp;Hier eine Aufnahme von <a href=\"https:\/\/www.youtube.com\/watch?v=yBOhK1DfEVk\">Summertime (George Gershwin)<\/a>.<\/p>","protected":false},"excerpt":{"rendered":"<p>F\u00fcr die Kombination von Waldhorn und Klavier gibt es eigentlich ein grosses Repertoire an Musiknoten, welches auch verschiedene Stile abdeckt. Zu unterscheiden gilt es dabei Originalkompositionen f\u00fcr diese Instrumentalkombination und Bearbeitungen. Hier eine kleine Auswahl an Originalkompositionen: Daneben gibt es &hellip; <a href=\"https:\/\/moulindereflexion.com\/fr\/waldhorn-und-klavier\/\">Continuer la lecture <span class=\"meta-nav\">&rarr;<\/span><\/a><\/p>","protected":false},"author":1,"featured_media":442,"parent":0,"menu_order":0,"comment_status":"closed","ping_status":"closed","template":"","meta":{"ngg_post_thumbnail":0,"footnotes":""},"class_list":["post-367","page","type-page","status-publish","has-post-thumbnail","hentry"],"_links":{"self":[{"href":"https:\/\/moulindereflexion.com\/fr\/wp-json\/wp\/v2\/pages\/367","targetHints":{"allow":["GET"]}}],"collection":[{"href":"https:\/\/moulindereflexion.com\/fr\/wp-json\/wp\/v2\/pages"}],"about":[{"href":"https:\/\/moulindereflexion.com\/fr\/wp-json\/wp\/v2\/types\/page"}],"author":[{"embeddable":true,"href":"https:\/\/moulindereflexion.com\/fr\/wp-json\/wp\/v2\/users\/1"}],"replies":[{"embeddable":true,"href":"https:\/\/moulindereflexion.com\/fr\/wp-json\/wp\/v2\/comments?post=367"}],"version-history":[{"count":8,"href":"https:\/\/moulindereflexion.com\/fr\/wp-json\/wp\/v2\/pages\/367\/revisions"}],"predecessor-version":[{"id":441,"href":"https:\/\/moulindereflexion.com\/fr\/wp-json\/wp\/v2\/pages\/367\/revisions\/441"}],"wp:featuredmedia":[{"embeddable":true,"href":"https:\/\/moulindereflexion.com\/fr\/wp-json\/wp\/v2\/media\/442"}],"wp:attachment":[{"href":"https:\/\/moulindereflexion.com\/fr\/wp-json\/wp\/v2\/media?parent=367"}],"curies":[{"name":"wp","href":"https:\/\/api.w.org\/{rel}","templated":true}]}}

<p>Für die Kombination von Waldhorn und Klavier gibt es eigentlich ein grosses Repertoire an Musiknoten, welches auch verschiedene Stile abdeckt. Zu unterscheiden gilt es dabei Originalkompositionen für diese Instrumentalkombination und Bearbeitungen.</p>



<p>Hier eine kleine Auswahl an Originalkompositionen:</p>



<ul class="wp-block-list">
<li><a href="https://www.youtube.com/watch?v=da9pMzVWxgA">Sonate für Horn und Klavier</a> (op. 17) von Ludwig van Beethoven</li>



<li><a href="https://www.youtube.com/watch?v=V_OOwzoU3Jc">Romanze für Horn und Klavier</a> (posthume) von Alexander Scriabin</li>



<li><a href="https://www.youtube.com/watch?v=KHSR4GWbWuQ">Thema und Variationen über ein Schweizer Volkslied</a> von Franz Lachner</li>



<li><a href="https://www.youtube.com/watch?v=4ta2r3722kg">Romanze für Horn und Klavier</a> (op. 36) von Camille Saint-Saëns</li>



<li><a href="https://www.youtube.com/watch?v=rgp23E7R4sY">Nocturno</a> (op. 7) von Franz Strauss</li>
</ul>



<p>Daneben gibt es natürlich auch Konzerte für Waldhorn (als Soloinstrument) und Orchester (mit Klavierpart, anstelle des Orchesters).  Hier das <a href="https://www.youtube.com/watch?v=SWu27MIGuMw">Hornkonzert Nr. 1 von Richard Strauss</a> in einer Aufnahme mit Klavierbegleitung.</p>



<p>Diese Stücke sind für mittelmässige Amateur-Hornisten (wie ich einer bin) oft etwas schwierig zu spielen. Bei den im Handel erhältlichen Bearbeitungen von Musikstücken für Klavier und Horn gibt es andererseits Stücke verschiedener Schwierigkeitsstufen und auch unterschiedlicher Stile; nebst Bearbeitungen aus der «klassischen» Musik gibt es etwa auch Beates-Songs, Jazz-Standards oder Songs aus Musicals.&nbsp;Hier eine Aufnahme von <a href="https://www.youtube.com/watch?v=yBOhK1DfEVk">Summertime (George Gershwin)</a>.</p>

<p>Für die Kombination von Waldhorn und Klavier gibt es eigentlich ein grosses Repertoire an Musiknoten, welches auch verschiedene Stile abdeckt. Zu unterscheiden gilt es dabei Originalkompositionen für diese Instrumentalkombination und Bearbeitungen. Hier eine kleine Auswahl an Originalkompositionen: Daneben gibt es &hellip; <a href="https://moulindereflexion.com/fr/waldhorn-und-klavier/">Continuer la lecture <span class="meta-nav">&rarr;</span></a></p>
