{"id":372,"date":"2022-12-30T09:11:31","date_gmt":"2022-12-30T08:11:31","guid":{"rendered":"https:\/\/moulindereflexion.com\/?page_id=372"},"modified":"2023-05-01T10:24:46","modified_gmt":"2023-05-01T08:24:46","slug":"blockfloete-und-waldhorn","status":"publish","type":"page","link":"https:\/\/moulindereflexion.com\/fr\/blockfloete-und-waldhorn\/","title":{"rendered":"Blockfl\u00f6te und Waldhorn"},"content":{"rendered":"<p>Blockfl\u00f6te und Waldhorn als Duo-Formation ist ungew\u00f6hnlich. Weil das Waldhorn in F gestimmt ist (d.h. ein geschriebenes C klingt wie ein F) und weil der Tonumfang der Blockfl\u00f6te kleiner ist als etwa der einer Violine oder einer Querfl\u00f6te, k\u00f6nnen nicht einfach Noten von Duetten, die f\u00fcr andere Instrumente angelegt sind, genommen und direkt gespielt werden. In der Regel m\u00fcssen also vorliegende Duette an unsere Instrumente angepasst werden. Dank Notenschreib-Programmen wie etwa MuseScore l\u00e4sst sich das heute aber mit relativ wenig Aufwand machen. <\/p>\n\n\n\n<p>So hat unser Duo begonnen: Mit dem Umschreiben von vorliegenden Duetten, die wir dann gemeinsam spielten. Sehr bald haben wir aber nicht nur einfach Stimmen f\u00fcr unsere Instrumente adaptiert und transponiert, sondern Musikst\u00fccke arrangiert. Etwa zu einem barocken (Block-)Fl\u00f6ten-St\u00fcck eine Hornstimme hinzugef\u00fcgt; allenfalls anhand einer vorliegenden Basso Continuo Begleitung.<\/p>\n\n\n\n<p>Eines dieser Arrangements waren Variationen \u00fcber das Thema von &#8222;Greensleeves to the Ground,&#8220; welches uns als Blockfl\u00f6tensolo vorlag. Als n\u00e4chstes wagten wir uns daran, eigene Variationen zu einem Thema zu schreiben wozu wir das Thema zum franz\u00f6sischen Volkslied &#8222;Sur le Pont d&#8217;Avignon&#8220; als Ausgang nahmen:<\/p>\n\n\n\n<p><\/p>\n\n\n\n<figure class=\"wp-block-embed is-type-video is-provider-youtube wp-block-embed-youtube wp-embed-aspect-16-9 wp-has-aspect-ratio\"><div class=\"wp-block-embed__wrapper\">\n<iframe loading=\"lazy\" title=\"Sur Le Pont d&#039;Avignon\" width=\"584\" height=\"329\" src=\"https:\/\/www.youtube.com\/embed\/AZqDb4A5gvA?feature=oembed\" frameborder=\"0\" allow=\"accelerometer; autoplay; clipboard-write; encrypted-media; gyroscope; picture-in-picture; web-share\" referrerpolicy=\"strict-origin-when-cross-origin\" allowfullscreen><\/iframe>\n<\/div><figcaption class=\"wp-element-caption\">Sur le pont d&#8217;Avignon<\/figcaption><\/figure>","protected":false},"excerpt":{"rendered":"<p>Blockfl\u00f6te und Waldhorn als Duo-Formation ist ungew\u00f6hnlich. Weil das Waldhorn in F gestimmt ist (d.h. ein geschriebenes C klingt wie ein F) und weil der Tonumfang der Blockfl\u00f6te kleiner ist als etwa der einer Violine oder einer Querfl\u00f6te, k\u00f6nnen nicht &hellip; <a href=\"https:\/\/moulindereflexion.com\/fr\/blockfloete-und-waldhorn\/\">Continuer la lecture <span class=\"meta-nav\">&rarr;<\/span><\/a><\/p>","protected":false},"author":1,"featured_media":407,"parent":0,"menu_order":0,"comment_status":"closed","ping_status":"closed","template":"","meta":{"ngg_post_thumbnail":0,"footnotes":""},"class_list":["post-372","page","type-page","status-publish","has-post-thumbnail","hentry"],"_links":{"self":[{"href":"https:\/\/moulindereflexion.com\/fr\/wp-json\/wp\/v2\/pages\/372","targetHints":{"allow":["GET"]}}],"collection":[{"href":"https:\/\/moulindereflexion.com\/fr\/wp-json\/wp\/v2\/pages"}],"about":[{"href":"https:\/\/moulindereflexion.com\/fr\/wp-json\/wp\/v2\/types\/page"}],"author":[{"embeddable":true,"href":"https:\/\/moulindereflexion.com\/fr\/wp-json\/wp\/v2\/users\/1"}],"replies":[{"embeddable":true,"href":"https:\/\/moulindereflexion.com\/fr\/wp-json\/wp\/v2\/comments?post=372"}],"version-history":[{"count":13,"href":"https:\/\/moulindereflexion.com\/fr\/wp-json\/wp\/v2\/pages\/372\/revisions"}],"predecessor-version":[{"id":500,"href":"https:\/\/moulindereflexion.com\/fr\/wp-json\/wp\/v2\/pages\/372\/revisions\/500"}],"wp:featuredmedia":[{"embeddable":true,"href":"https:\/\/moulindereflexion.com\/fr\/wp-json\/wp\/v2\/media\/407"}],"wp:attachment":[{"href":"https:\/\/moulindereflexion.com\/fr\/wp-json\/wp\/v2\/media?parent=372"}],"curies":[{"name":"wp","href":"https:\/\/api.w.org\/{rel}","templated":true}]}}

Blockflöte und Waldhorn

<p>Blockflöte und Waldhorn als Duo-Formation ist ungewöhnlich. Weil das Waldhorn in F gestimmt ist (d.h. ein geschriebenes C klingt wie ein F) und weil der Tonumfang der Blockflöte kleiner ist als etwa der einer Violine oder einer Querflöte, können nicht einfach Noten von Duetten, die für andere Instrumente angelegt sind, genommen und direkt gespielt werden. In der Regel müssen also vorliegende Duette an unsere Instrumente angepasst werden. Dank Notenschreib-Programmen wie etwa MuseScore lässt sich das heute aber mit relativ wenig Aufwand machen. </p>



<p>So hat unser Duo begonnen: Mit dem Umschreiben von vorliegenden Duetten, die wir dann gemeinsam spielten. Sehr bald haben wir aber nicht nur einfach Stimmen für unsere Instrumente adaptiert und transponiert, sondern Musikstücke arrangiert. Etwa zu einem barocken (Block-)Flöten-Stück eine Hornstimme hinzugefügt; allenfalls anhand einer vorliegenden Basso Continuo Begleitung.</p>



<p>Eines dieser Arrangements waren Variationen über das Thema von &#8222;Greensleeves to the Ground,&#8220; welches uns als Blockflötensolo vorlag. Als nächstes wagten wir uns daran, eigene Variationen zu einem Thema zu schreiben wozu wir das Thema zum französischen Volkslied &#8222;Sur le Pont d&#8217;Avignon&#8220; als Ausgang nahmen:</p>



<p></p>



<figure class="wp-block-embed is-type-video is-provider-youtube wp-block-embed-youtube wp-embed-aspect-16-9 wp-has-aspect-ratio"><div class="wp-block-embed__wrapper">
<iframe loading="lazy" title="Sur Le Pont d&#039;Avignon" width="584" height="329" src="https://www.youtube.com/embed/AZqDb4A5gvA?feature=oembed" frameborder="0" allow="accelerometer; autoplay; clipboard-write; encrypted-media; gyroscope; picture-in-picture; web-share" referrerpolicy="strict-origin-when-cross-origin" allowfullscreen></iframe>
</div><figcaption class="wp-element-caption">Sur le pont d&#8217;Avignon</figcaption></figure>

<p>Blockflöte und Waldhorn als Duo-Formation ist ungewöhnlich. Weil das Waldhorn in F gestimmt ist (d.h. ein geschriebenes C klingt wie ein F) und weil der Tonumfang der Blockflöte kleiner ist als etwa der einer Violine oder einer Querflöte, können nicht &hellip; <a href="https://moulindereflexion.com/fr/blockfloete-und-waldhorn/">Continuer la lecture <span class="meta-nav">&rarr;</span></a></p>
